{"id":2151,"date":"2014-10-15T12:59:47","date_gmt":"2014-10-15T12:59:47","guid":{"rendered":"https:\/\/xml-io.proteusthemes.com\/buildpress\/?page_id=7"},"modified":"2020-08-21T13:53:08","modified_gmt":"2020-08-21T10:53:08","slug":"front-page","status":"publish","type":"page","link":"https:\/\/alzotomasyon.com\/","title":{"rendered":"Front Page"},"content":{"rendered":"<div id=\"pl-2151\"  class=\"panel-layout\" ><div id=\"pg-2151-0\"  class=\"panel-grid panel-no-style\" ><div id=\"pgc-2151-0-0\"  class=\"panel-grid-cell panel-grid-cell-empty\" ><\/div><\/div><div id=\"pg-2151-1\"  class=\"panel-grid panel-no-style\" ><div id=\"pgc-2151-1-0\"  class=\"panel-grid-cell\" ><div id=\"panel-2151-1-0-0\" class=\"so-panel widget widget_pt_icon_box widget-icon-box panel-first-child panel-last-child\" data-index=\"0\" >\t\t\t<div class=\"icon-box\">\n\t\t\t\t\t\t\t<i class=\"fa  fa-cog  fa-3x\"><\/i>\n\t\t\t\t<div class=\"icon-box__text\">\n\t\t\t\t\t<h4 class=\"icon-box__title\">Hizmet<\/h4>\n\t\t\t\t\t<span class=\"icon-box__subtitle\">Sekt\u00f6rdeki eforumuz ve nitelikli hizmetlerimizle fark olu\u015fturarak, ilk se\u00e7im edilen marka olarak kal\u0131c\u0131 ba\u015far\u0131y\u0131 yakalamay\u0131 hedeflemeye devam ediyoruz.<\/span>\n\t\t\t\t<\/div>\n\t\t\t<\/div>\n\t\t\t<\/div><\/div><div id=\"pgc-2151-1-1\"  class=\"panel-grid-cell\" ><div id=\"panel-2151-1-1-0\" class=\"so-panel widget widget_pt_icon_box widget-icon-box panel-first-child panel-last-child\" data-index=\"1\" >\t\t\t<div class=\"icon-box\">\n\t\t\t\t\t\t\t<i class=\"fa  fa-leaf  fa-3x\"><\/i>\n\t\t\t\t<div class=\"icon-box__text\">\n\t\t\t\t\t<h4 class=\"icon-box__title\">Amac\u0131m\u0131z<\/h4>\n\t\t\t\t\t<span class=\"icon-box__subtitle\">Teknoloji ve insan kaynaklar\u0131m\u0131z\u0131 en verimli \u015fekilde de\u011ferlendirip nitelik, s\u00fcrat ve \u00f6zg\u00fcn hizmet kapasitemizi her ge\u00e7en g\u00fcn pozitif ivmelenme ile artt\u0131rmak.<\/span>\n\t\t\t\t<\/div>\n\t\t\t<\/div>\n\t\t\t<\/div><\/div><div id=\"pgc-2151-1-2\"  class=\"panel-grid-cell\" ><div id=\"panel-2151-1-2-0\" class=\"so-panel widget widget_pt_icon_box widget-icon-box panel-first-child panel-last-child\" data-index=\"2\" >\t\t\t<div class=\"icon-box\">\n\t\t\t\t\t\t\t<i class=\"fa  fa-thumbs-up  fa-3x\"><\/i>\n\t\t\t\t<div class=\"icon-box__text\">\n\t\t\t\t\t<h4 class=\"icon-box__title\">Kalite<\/h4>\n\t\t\t\t\t<span class=\"icon-box__subtitle\">T\u00fcm kaynaklar\u0131n en verimli \u015fekilde kullan\u0131lmas\u0131, m\u00fc\u015fterilerimizin ihtiya\u00e7 ve beklentilerine en h\u0131zl\u0131 ve uygun \u00e7\u00f6z\u00fcm\u00fc sunmak ana hedeflerimizdendir.<\/span>\n\t\t\t\t<\/div>\n\t\t\t<\/div>\n\t\t\t<\/div><\/div><\/div><div id=\"pg-2151-2\"  class=\"panel-grid panel-has-style\" ><div class=\"siteorigin-panels-stretch panel-row-style panel-row-style-for-2151-2\" data-stretch-type=\"full\" ><div id=\"pgc-2151-2-0\"  class=\"panel-grid-cell\" ><div id=\"panel-2151-2-0-0\" class=\"so-panel widget widget_ess-grid-widget widget_ess_grid panel-first-child panel-last-child\" data-index=\"3\" ><div class=\"panel-widget-style panel-widget-style-for-2151-2-0-0\" ><\/div><\/div><\/div><\/div><\/div><div id=\"pg-2151-3\"  class=\"panel-grid panel-has-style\" ><div class=\"siteorigin-panels-stretch panel-row-style panel-row-style-for-2151-3\" data-stretch-type=\"full\" ><div id=\"pgc-2151-3-0\"  class=\"panel-grid-cell\" ><div id=\"panel-2151-3-0-0\" class=\"so-panel widget widget_pt_banner widget-banner panel-first-child panel-last-child\" data-index=\"4\" ><div class=\"panel-widget-style panel-widget-style-for-2151-3-0-0\" >\t\t\t\t<div class=\"banner__text\">\n\t\t\t\t\tProjelerinizde kaliteli ve uygun fiyatl\u0131 \u00e7\u00f6z\u00fcm orta\u011f\u0131n\u0131z olabiliriz.\t\t\t\t<\/div>\n\t\t\t\t<div class=\"banner__buttons\">\n\t\t\t\t\t<a class=\"btn  btn-primary\" href=\"contact-us\" target=\"_self\">TEKL\u0130F \u0130STE<\/a> \u00a0 <a class=\"btn  btn-info\" href=\"Teklif Link\" target=\"_blank\">REFERANSLARIMIZ<\/a> \t\t\t\t<\/div>\n\t\t\t<\/div><\/div><\/div><\/div><\/div><div id=\"pg-2151-4\"  class=\"panel-grid panel-no-style\" ><div id=\"pgc-2151-4-0\"  class=\"panel-grid-cell\" ><div id=\"panel-2151-4-0-0\" class=\"so-panel widget widget_black-studio-tinymce widget_black_studio_tinymce panel-first-child\" data-index=\"5\" ><h3 class=\"widget-title\">KAL\u0130TE POL\u0130T\u0130KAMIZ<\/h3><div class=\"textwidget\"><p><a href=\"https:\/\/xml-io.proteusthemes.com\/buildpress\/wp-content\/uploads\/sites\/16\/2014\/10\/content_24.jpg\"><img class=\"alignleft wp-image-115 size-medium\" src=\"https:\/\/xml-io.proteusthemes.com\/buildpress\/wp-content\/uploads\/sites\/16\/2014\/10\/content_24-300x168.jpg\" alt=\"Content Image\" width=\"300\" height=\"168\" \/><\/a><\/p>\n<ul>\n<li>Kalite hedeflerimizi en \u00fcst d\u00fczeyde m\u00fc\u015fteri memnuniyeti sa\u011flayacak d\u00fczeyde belirleyip bu hedeflere ula\u015fmak i\u00e7in tak\u0131m ruhu i\u00e7erisinde gerekli t\u00fcm \u00e7al\u0131\u015fmalar\u0131 ger\u00e7ekle\u015ftirmek,<\/li>\n<li>M\u00fc\u015fteri odakl\u0131 \u00e7al\u0131\u015farak ortaklar\u0131m\u0131z\u0131n, \u00e7al\u0131\u015fanlar\u0131m\u0131z\u0131n, tedarik\u00e7ilerimizin ve i\u00e7inde ya\u015fad\u0131\u011f\u0131m\u0131z toplumun beklentilerine duyarl\u0131, sayg\u0131l\u0131, \u00f6rnek bir i\u015fletme olmak,<\/li>\n<li>T\u00fcm faaliyetlerimizi \u201c\u00c7evre\u201d ve \u201c\u0130\u015f Sa\u011fl\u0131\u011f\u0131 ve G\u00fcvenli\u011fi\u201d \u00f6ncelikli, yarat\u0131c\u0131 \u00e7\u00f6z\u00fcmler \u00fcreterek sekt\u00f6r\u00fcm\u00fczde \u00f6nc\u00fc ve \u00f6rnek olmay\u0131 s\u00fcrd\u00fcrmeyi taahh\u00fct ediyoruz.<\/li>\n<\/ul>\n<\/div><\/div><div id=\"panel-2151-4-0-1\" class=\"so-panel widget widget_text panel-last-child\" data-index=\"6\" >\t\t\t<div class=\"textwidget\"><\/div>\n\t\t<\/div><\/div><div id=\"pgc-2151-4-1\"  class=\"panel-grid-cell\" ><div id=\"panel-2151-4-1-0\" class=\"so-panel widget widget_black-studio-tinymce widget_black_studio_tinymce panel-first-child\" data-index=\"7\" ><h3 class=\"widget-title\">HEDEFLER<\/h3><div class=\"textwidget\"><ul>\n<li>En iyi personeli ve yeti\u015fkin insan g\u00fcc\u00fcn\u00fc kurumumuza \u00e7ekmek ve yetkin ba\u015far\u0131y\u0131 ve \u00f6d\u00fcl\u00fc payla\u015facak profesyoneller istihdam etmek, i\u015fbirli\u011fi ve dayan\u0131\u015fman\u0131n ye\u015ferdi\u011fi bir \u00e7al\u0131\u015fma ortam\u0131 yaratmak.<\/li>\n<li>Uzun y\u0131llar sonucu biriken uzmanl\u0131\u011f\u0131m\u0131z\u0131 ve deneyimlerimizi, y\u00fcksek kalite ve yenilik\u00e7i teknolojik \u00fcr\u00fcnlerle\/sistemlerle birle\u015ftirerek m\u00fc\u015fterilerimizin en ideal BMS \u00e7\u00f6z\u00fcm orta\u011f\u0131 olmak.<\/li>\n<li>Toplam m\u00fc\u015fteri memnuniyeti elde etmek i\u00e7in m\u00fc\u015fteri ihtiya\u00e7lar\u0131na y\u00f6nelik adanm\u0131\u015fl\u0131\u011f\u0131 g\u00fcnl\u00fck olarak g\u00f6stermek.<\/li>\n<li>Pazar\u0131 dinlemek ve misyon\/vizyonumuza en \u00e7ok uyan \u00fcr\u00fcn ve hizmetleri terzi usul\u00fc olarak h\u0131zl\u0131ca sunmak.<\/li>\n<li>S\u00fcrd\u00fcr\u00fclebilir rekabet g\u00fcc\u00fc, genel verimlilik ve maliyet \u00fcst\u00fcnl\u00fc\u011f\u00fc sunarak pazar\u0131n yap\u0131s\u0131n\u0131 de\u011fi\u015ftirecek stratejiler \u00fcretmek.<\/li>\n<\/ul>\n<\/div><\/div><div id=\"panel-2151-4-1-1\" class=\"so-panel widget widget_text panel-last-child\" data-index=\"8\" >\t\t\t<div class=\"textwidget\"><\/div>\n\t\t<\/div><\/div><\/div><div id=\"pg-2151-5\"  class=\"panel-grid panel-no-style\" ><div id=\"pgc-2151-5-0\"  class=\"panel-grid-cell\" ><div id=\"panel-2151-5-0-0\" class=\"so-panel widget widget_text panel-first-child panel-last-child\" data-index=\"9\" ><h3 class=\"widget-title\">\u00c7\u00d6Z\u00dcM ORTAKLARIMIZ<\/h3>\t\t\t<div class=\"textwidget\"><div class=\"logo-panel\">\n  <div class=\"row\">\n    <div class=\"col-xs-12  col-sm-2\">\n      <img src=\"https:\/\/xml-io.proteusthemes.com\/buildpress\/wp-content\/uploads\/sites\/16\/2014\/10\/client_01.jpg\" alt=\"Client\">\n    <\/div>\n    <div class=\"col-xs-12  col-sm-2\">\n      <img src=\"https:\/\/xml-io.proteusthemes.com\/buildpress\/wp-content\/uploads\/sites\/16\/2014\/10\/client_02.jpg\" alt=\"Client\">\n    <\/div>\n    <div class=\"col-xs-12  col-sm-2\">\n      <img src=\"https:\/\/xml-io.proteusthemes.com\/buildpress\/wp-content\/uploads\/sites\/16\/2014\/10\/client_03.jpg\" alt=\"Client\">\n    <\/div>\n    <div class=\"col-xs-12  col-sm-2\">\n      <img src=\"https:\/\/xml-io.proteusthemes.com\/buildpress\/wp-content\/uploads\/sites\/16\/2014\/10\/client_04.jpg\" alt=\"Client\">\n    <\/div>\n    <div class=\"col-xs-12  col-sm-2\">\n      <img src=\"https:\/\/xml-io.proteusthemes.com\/buildpress\/wp-content\/uploads\/sites\/16\/2014\/10\/client_05.jpg\" alt=\"Client\">\n    <\/div>\n    <div class=\"col-xs-12  col-sm-2\">\n      <img src=\"https:\/\/xml-io.proteusthemes.com\/buildpress\/wp-content\/uploads\/sites\/16\/2014\/10\/client_06.jpg\" alt=\"Client\">\n    <\/div>\n    <div class=\"col-xs-12  col-sm-2\">\n      <img src=\"https:\/\/xml-io.proteusthemes.com\/buildpress\/wp-content\/uploads\/sites\/16\/2014\/10\/client_07.jpg\" alt=\"Client\">\n    <\/div>\n    <div class=\"col-xs-12  col-sm-2\">\n      <img src=\"https:\/\/xml-io.proteusthemes.com\/buildpress\/wp-content\/uploads\/sites\/16\/2014\/10\/client_08.jpg\" alt=\"Client\">\n    <\/div>\n    <div class=\"col-xs-12  col-sm-2\">\n      <img src=\"https:\/\/xml-io.proteusthemes.com\/buildpress\/wp-content\/uploads\/sites\/16\/2014\/10\/client_09.jpg\" alt=\"Client\">\n    <\/div>\n    <div class=\"col-xs-12  col-sm-2\">\n      <img src=\"https:\/\/xml-io.proteusthemes.com\/buildpress\/wp-content\/uploads\/sites\/16\/2014\/10\/client_10.jpg\" alt=\"Client\">\n    <\/div>\n    <div class=\"col-xs-12  col-sm-2\">\n      <img src=\"https:\/\/xml-io.proteusthemes.com\/buildpress\/wp-content\/uploads\/sites\/16\/2014\/10\/client_11.jpg\" alt=\"Client\">\n    <\/div>\n    <div class=\"col-xs-12  col-sm-2\">\n      <img src=\"https:\/\/xml-io.proteusthemes.com\/buildpress\/wp-content\/uploads\/sites\/16\/2014\/10\/client_12.jpg\" alt=\"Client\">\n    <\/div>\n  <\/div>\n<\/div><\/div>\n\t\t<\/div><\/div><\/div><\/div>","protected":false},"excerpt":{"rendered":"<p>Hizmet Sekt\u00f6rdeki eforumuz ve nitelikli hizmetlerimizle fark olu\u015fturarak, ilk se\u00e7im edilen marka olarak kal\u0131c\u0131 ba\u015far\u0131y\u0131 yakalamay\u0131 hedeflemeye devam ediyoruz. Amac\u0131m\u0131z Teknoloji ve insan kaynaklar\u0131m\u0131z\u0131 en verimli \u015fekilde de\u011ferlendirip nitelik, s\u00fcrat ve \u00f6zg\u00fcn hizmet kapasitemizi her ge\u00e7en g\u00fcn pozitif ivmelenme ile artt\u0131rmak. Kalite T\u00fcm kaynaklar\u0131n en verimli \u015fekilde kullan\u0131lmas\u0131, m\u00fc\u015fterilerimizin ihtiya\u00e7 ve beklentilerine en h\u0131zl\u0131 ve &hellip;<\/p>\n","protected":false},"author":1,"featured_media":0,"parent":0,"menu_order":0,"comment_status":"closed","ping_status":"closed","template":"template-front-page-slider.php","meta":[],"_links":{"self":[{"href":"https:\/\/alzotomasyon.com\/index.php\/wp-json\/wp\/v2\/pages\/2151"}],"collection":[{"href":"https:\/\/alzotomasyon.com\/index.php\/wp-json\/wp\/v2\/pages"}],"about":[{"href":"https:\/\/alzotomasyon.com\/index.php\/wp-json\/wp\/v2\/types\/page"}],"author":[{"embeddable":true,"href":"https:\/\/alzotomasyon.com\/index.php\/wp-json\/wp\/v2\/users\/1"}],"replies":[{"embeddable":true,"href":"https:\/\/alzotomasyon.com\/index.php\/wp-json\/wp\/v2\/comments?post=2151"}],"version-history":[{"count":9,"href":"https:\/\/alzotomasyon.com\/index.php\/wp-json\/wp\/v2\/pages\/2151\/revisions"}],"predecessor-version":[{"id":2835,"href":"https:\/\/alzotomasyon.com\/index.php\/wp-json\/wp\/v2\/pages\/2151\/revisions\/2835"}],"wp:attachment":[{"href":"https:\/\/alzotomasyon.com\/index.php\/wp-json\/wp\/v2\/media?parent=2151"}],"curies":[{"name":"wp","href":"https:\/\/api.w.org\/{rel}","templated":true}]}}